nder when 4868 is divided by 2.
0
What is the remainder when 239 is divided by 25?
14
What is the remainder when 1208 is divided by 402?
2
Calculate the remainder when 233 is divided by 60.
53
Calculate the remainder when 1146 is divided by 231.
222
Calculate the remainder when 48 is divided by 13.
9
Calculate the remainder when 2321 is divided by 194.
187
Calculate the remainder when 78 is divided by 31.
16
Calculate the remainder when 50 is divided by 9.
5
Calculate the remainder when 35 is divided by 5.
0
Calculate the remainder when 2840 is divided by 157.
14
Calculate the remainder when 25 is divided by 22.
3
Calculate the remainder when 9297 is divided by 10.
7
What is the remainder when 1655 is divided by 36?
35
Calculate the remainder when 314 is divided by 24.
2
Calculate the remainder when 122 is divided by 42.
38
Calculate the remainder when 374 is divided by 348.
26
What is the remainder when 2074 is divided by 67?
64
What is the remainder when 999 is divided by 53?
45
What is the remainder when 51408 is divided by 194?
192
What is the remainder when 50 is divided by 28?
22
What is the remainder when 367 is divided by 28?
3
Calculate the remainder when 12723 is divided by 4237.
12
Calculate the remainder when 217 is divided by 49.
21
What is the remainder when 2045 is divided by 62?
61
What is the remainder when 867 is divided by 207?
39
Calculate the remainder when 18 is divided by 5.
3
Calculate the remainder when 625 is divided by 191.
52
Calculate the remainder when 523 is divided by 5.
3
Calculate the remainder when 74 is divided by 18.
2
What is the remainder when 432 is divided by 31?
29
What is the remainder when 81 is divided by 28?
25
What is the remainder when 47 is divided by 10?
7
What is the remainder when 303 is divided by 133?
37
What is the remainder when 2255 is divided by 94?
93
Calculate the remainder when 1398 is divided by 354.
336
Calculate the remainder when 451 is divided by 38.
33
What is the remainder when 2537 is divided by 127?
124
What is the remainder when 7919 is divided by 34?
31
Calculate the remainder when 281 is divided by 96.
89
What is the remainder when 59943 is divided by 127?
126
What is the remainder when 155 is divided by 13?
12
What is the remainder when 157 is divided by 83?
74
What is the remainder when 111 is divided by 16?
15
Calculate the remainder when 134 is divided by 29.
18
What is the remainder when 1387 is divided by 23?
7
What is the remainder when 136 is divided by 70?
66
What is the remainder when 1654 is divided by 23?
21
What is the remainder when 77 is divided by 22?
11
What is the remainder when 1852 is divided by 94?
66
What is the remainder when 2483 is divided by 69?
68
Calculate the remainder when 278 is divided by 38.
12
What is the remainder when 75 is divided by 40?
35
What is the remainder when 392 is divided by 99?
95
Calculate the remainder when 253 is divided by 131.
122
Calculate the remainder when 8729 is divided by 71.
67
Calculate the remainder when 292 is divided by 33.
28
What is the remainder when 555 is divided by 18?
15
Calculate the remainder when 79 is divided by 21.
16
What is the remainder when 177 is divided by 60?
57
What is the remainder when 71 is divided by 5?
1
Calculate the remainder when 2570 is divided by 39.
35
What is the remainder when 39 is divided by 13?
0
Calculate the remainder when 2406 is divided by 86.
84
Calculate the remainder when 541 is divided by 4.
1
Calculate the remainder when 56 is divided by 13.
4
Calculate the remainder when 461 is divided by 96.
77
Calculate the remainder when 714 is divided by 103.
96
Calculate the remainder when 27 is divided by 24.
3
Calculate the remainder when 477 is divided by 80.
77
Calculate the remainder when 109 is divided by 49.
11
Calculate the remainder when 121 is divided by 27.
13
Calculate the remainder when 143 is divided by 54.
35
Calculate the remainder when 351 is divided by 89.
84
Calculate the remainder when 162 is divided by 55.
52
What is the remainder when 109 is divided by 51?
7
Calculate the remainder when 2062 is divided by 6.
4
Calculate the remainder when 1268 is divided by 634.
0
Calculate the remainder when 603 is divided by 121.
119
What is the remainder when 67 is divided by 17?
16
What is the remainder when 1811 is divided by 252?
47
What is the remainder when 85 is divided by 45?
40
Calculate the remainder when 8 is divided by 5.
3
Calculate the remainder when 51 is divided by 23.
5
Calculate the remainder when 785 is divided by 13.
5
Calculate the remainder when 420 is divided by 105.
0
Calculate the remainder when 2611 is divided by 201.
199
Calculate the remainder when 30 is divided by 25.
5
What is the remainder when 8224 is divided by 39?
34
Calculate the remainder when 235 is divided by 79.
77
Calculate the remainder when 2461 is divided by 85.
81
Calculate the remainder when 293 is divided by 57.
8
What is the remainder when 280 is divided by 17?
8
What is the remainder when 90 is divided by 47?
43
Calculate the remainder when 88 is divided by 44.
0
What is the remainder when 4359 is divided by 36?
3
What is the remainder when 167 is divided by 77?
13
What is the remainder when 1091 is divided by 91?
90
Calculate the remainder when 15930 is divided by 31.
27
Calculate the remainder when 375 is divided by 27.
24
Calculate the remainder when 100 is divided by 5.
0
Calculate the remainder when 1272 is divided by 14.
12
Calculate the remainder when 752 is divided by 29.
27
Calculate the remainder when 32289 is divided by 54.
51
What is the remainder when 159 is divided by 18?
15
Calculate the remainder when 12600 is divided by 46.
42
What is the remainder when 208 is divided by 21?
19
Calculate the remainder when 241 is divided by 43.
26
Calculate the remainder when 221 is divided by 6.
5
Calculate the remainder when 48 is divided by 20.
8
What is the remainder when 118 is divided by 42?
34
What is the remainder when 468 is divided by 1?
0
Calculate the remainder when 387 is divided by 150.
87
Calculate the remainder when 1903 is divided by 56.
55
Calculate the remainder when 108 is divided by 10.
8
Calculate the remainder when 388 is divided by 100.
88
What is the remainder when 4826 is divided by 10?
6
Calculate the remainder when 53 is divided by 23.
7
Calculate the remainder when 1399 is divided by 83.
71
What is the remainder when 4759 is divided by 206?
21
What is the remainder when 157 is divided by 44?
25
Calculate the remainder when 1098 is divided by 69.
63
Calculate the remainder when 77 is divided by 39.
38
What is the remainder when 173 is divided by 130?
43
What is the remainder when 1310 is divided by 190?
170
Calculate the remainder when 4437 is divided by 24.
21
What is the remainder when 173 is divided by 13?
4
What is the remainder when 12869 is divided by 13?
12
What is the remainder when 549 is divided by 379?
170
Calculate the remainder when 1359 is divided by 17.
16
Calculate the remainder when 337 is divided by 36.
13
What is the remainder when 345 is divided by 25?
20
What is the remainder when 109 is divided by 61?
48
What is the remainder when 359 is divided by 55?
29
What is the remainder when 292 is divided by 74?
70
Calculate the remainder when 9083 is divided by 12.
11
Calculate the remainder when 1537 is divided by 1512.
25
What is the remainder when 1284 is divided by 99?
96
What is the remainder when 897 is divided by 441?
15
What is the remainder when 3793 is divided by 14?
13
Calculate the remainder when 194 is divided by 86.
22
Calculate the remainder when 95 is divided by 17.
10
What is the remainder when 219 is divided by 26?
11
Calculate the remainder when 518 is divided by 17.
8
Calculate the remainder when 15 is divided by 3.
0
Calculate the remainder when 1322 is divided by 39.
35
Calculate the remainder when 40618 is divided by 38.
34
Calculate the remainder when 6164 is divided by 309.
293
Calculate the remainder when 2584 is divided by 72.
64
Calculate the remainder when 166 is divided by 84.
82
Calculate the remainder when 507 is divided by 6.
3
Calculate the remainder when 208 is divided by 19.
18
What is the remainder when 186 is divided by 66?
54
What is the remainder when 1242 is divided by 242?
32
Calculat